 k(n).
2, 5
Let k be (-6)/(-4)*(-18)/(-9). Suppose -14 = -p + 4*i, -4*p - k*i - 19 = -56. List the prime factors of p.
2, 5
Suppose 0 = -5*d + 5*t + 560, -5*t + 0*t = 15. What are the prime factors of d?
109
Let j = -5 - -5. Let g be -140 - (j + 6/3). List the prime factors of g/(-9) + 8/36.
2
Suppose d + 0*d = 6. Let o be (-29)/(-6) - (-1)/d. Suppose -c - 3 = -o. List the prime factors of c.
2
Suppose -4*h = -a - 3*a - 24, 0 = -4*a - 4*h. Let y be -2 + (1 - 0) + a. Let j = 2 - y. List the prime factors of j.
2, 3
Suppose 5*h = -4*m + 383, -5*h = -m + 40 - 413. What are the prime factors of h?
3, 5
Let f = -7 - -12. Suppose -2*k + 5*u + 39 = 0, -u + 12 = 2*k + 3*u. Let a = k - f. List the prime factors of a.
7
Let t be 7 + (-4 - -2 - 1). Suppose -10 = 3*h + 4*g + 1, -3*g - 3 = t*h. What are the prime factors of h?
3
Suppose 11*v = 9*v - 5*b + 515, -3*b = v - 260. List the prime factors of v.
5, 7
Suppose -5*b + 3*t - t + 272 = 0, b = 5*t + 36. Let w = b - 23. Suppose -4*i = -6*y + 3*y - w, 5*i = 2*y + 36. List the prime factors of i.
2, 3
Let x(d) = -d**3 + 2*d**2 + 9*d + 5. List the prime factors of x(-6).
239
Let k(h) = h**3 - 9*h**2 - h + 11. Let z be k(9). Let q(n) = 3*n - 1. Let y be q(z). Suppose -y*d - 31 = -106. List the prime factors of d.
3, 5
Suppose 333 = 5*i - 3*b + 7*b, 2*i = 5*b + 120. What are the prime factors of i?
5, 13
Suppose -p - 62 = -2*p - 4*y, -p + 4*y + 46 = 0. List the prime factors of p.
2, 3
Suppose 0*c + 145 = 5*c. Let m = c - 18. What are the prime factors of m?
11
Let i = -48 + 73. Suppose -i = -3*w - 1. What are the prime factors of w?
2
Let z = 277 - 188. What are the prime factors of z?
89
Let h = -5 + 46. Suppose -13 = -3*a + h. List the prime factors of a.
2, 3
Let x(c) = 6*c + 3. Let i(w) = -7*w - 4. Let f(y) = -5*i(y) - 6*x(y). Let b = 10 - 13. What are the prime factors of f(b)?
5
Suppose 6 = g + 1. Suppose -g*z + 185 = o - 6*o, 0 = z + 3*o - 57. What are the prime factors of z?
2, 3, 7
Suppose 0 = 2*a + 2*a. Let o = 47 + -29. Suppose -3*j + o = -a*j. What are the prime factors of j?
2, 3
Let a(u) = u**2 + u + 5. Let k be a(0). Suppose 0*g = c - k*g - 28, 48 = 2*c - 2*g. What are the prime factors of c?
23
List the prime factors of (148/(-14))/(8/(-56)).
2, 37
Let i(f) = f**3 - 11*f**2 + 10*f - 4. Let c be i(10). What are the prime factors of (188/(-1))/c + 0?
47
Let o = 6 + -2. Suppose 0 = -3*y - 31 + 127. Suppose 0 = -o*c + 2*c + y. What are the prime factors of c?
2
Let i be 55*-1*(-4)/10. Let w = -4 + i. List the prime factors of w.
2, 3
Let l(t) be the second derivative of t**5/120 + 11*t**4/24 - t**3/3 + 4*t. Let x(h) be the second derivative of l(h). What are the prime factors of x(-7)?
2
Suppose 2*p - 2*x = 26, 57 = 5*p + 3*x - 8. List the prime factors of p.
13
List the prime factors of 6/24 + (-94)/(-8).
2, 3
Suppose -a + b + 9 = 0, -29 = -a - b + 6*b. Suppose 3*z + 5*g = z - 30, -108 = a*z - 2*g. List the prime factors of (-76)/(-5) + 5/z.
3, 5
Let p be 5/30 - (-286)/12. Suppose p = d + d. What are the prime factors of d?
2, 3
Suppose 3 = b + y, y = 4*b - 3*y - 12. Let l = b - -1. Let g = l - 2. What are the prime factors of g?
2
Let m(q) = 11*q - 10. List the prime factors of m(13).
7, 19
Suppose -4*p - 21 = -2*x + 1, 5*p = -4*x - 8. List the prime factors of p/4 + 3 + 3.
5
Let f(c) = 2*c**2 + 4*c - 3. Let g be f(2). What are the prime factors of g + (-5 - 1)/2?
2, 5
Let l(o) = o**3 + 3*o**2 - 4*o + 2. Let q(t) = -t - 8. Let p be q(-10). List the prime factors of l(p).
2, 7
Suppose p + 2*p = 45. What are the prime factors of p?
3, 5
Suppose 0 = -0*o - 3*o + 69. What are the prime factors of o?
23
Let k(s) = 5*s**2 - s - 5. Let w(g) = -14*g**2 + 4*g + 14. Let t(h) = -17*k(h) - 6*w(h). Let b be t(-5). Let p = -6 + b. What are the prime factors of p?
5
Suppose 0*k + 6 = -3*k, k = -h + 23. List the prime factors of h.
5
Let h(y) = -13*y + 32. Let m(q) = 7*q - 16. Let p(l) = 6*h(l) + 11*m(l). Let i be p(0). Suppose 4*u = j + i, -3*j - u = -j - 13. List the prime factors of j.
2
Let w = -2 - -2. Suppose 3*y + r = 3 - 0, 4*y - 3*r - 17 = w. List the prime factors of y.
2
Suppose 5*q = -4 - 31. What are the prime factors of 14/(-10)*(q - -2)?
7
Suppose 0*q + 2*q = 90. List the prime factors of q.
3, 5
Let x be (22/11)/((-2)/(-17)). Suppose 2*h = -z + 2*z + x, -2*h + 27 = -3*z. What are the prime factors of h?
2, 3
Suppose 4*n - 104 = -0. List the prime factors of n.
2, 13
Let n be (-57)/(-21) - 4/(-14). Let s(p) = p - n + 2 + 2. List the prime factors of s(5).
2, 3
What are the prime factors of (-1 - -4)*92/6?
2, 23
Let x be 57/38*(-32)/6. Suppose 3 + 2 = 5*y. Let f = y - x. What are the prime factors of f?
3
Let h = 99 + -53. What are the prime factors of h?
2, 23
Let b(m) = 5*m**2 - 2*m + 2. Suppose 3*x + 3*j - 9 = -0*x, x + 5*j = 7. What are the prime factors of b(x)?
2, 3
Let x be (-46)/(-8) - (-33)/(-44). Suppose -4 + 34 = x*f. What are the prime factors of f?
2, 3
Let p(x) be the first derivative of 3*x**2/2 + 3*x + 3. List the prime factors of p(3).
2, 3
Suppose 2*x = -2*g, x - 17 = 3*g - 5. Let h be 22 - (2 - (6 + g)). Suppose -2*m = 7 - h. What are the prime factors of m?
2
Suppose 3*y - 2*y = 0. Suppose 2*o - 21 - 9 = y. What are the prime factors of o?
3, 5
List the prime factors of 5/2*(1 - -23).
2, 3, 5
Suppose -5 = 2*y - 3*y, -5*z + 365 = -4*y. Suppose -94 - z = -3*o. Suppose -5*n = -o - 23. What are the prime factors of n?
2
Let i = 22 - 26. List the prime factors of (-804)/(-18) - i/(-6).
2, 11
Let v be ((-21)/(-9))/((-2)/(-6)). Let j = 5 + 10. Let d = j - v. List the prime factors of d.
2
Suppose -4*f + 70 = 2*y - 62, 3*f = 3*y + 81. Suppose 5*c = -25, -2*c + 14 + f = 5*b. What are the prime factors of b?
11
Suppose 0 = 5*c - 2*o - 12 - 14, -3*o = -5*c + 29. Suppose 2*k + 2*f - 14 = -2, -c*k + 4*f + 32 = 0. What are the prime factors of k?
7
Let i = 2 + 4. Let g = i + -3. Suppose x + g*b - 23 = 0, 0 = 3*b + b - 16. What are the prime factors of x?
11
Let z(h) = -h**2 + 6*h + 7. Let j be z(7). Suppose k - 13 - 6 = j. List the prime factors of k.
19
Let j(m) = 2*m**3 + 4*m**2 - m. Suppose -3*h + 4*z = -25, -3*z - 4 = 2*h + 2. Let p be j(h). List the prime factors of p/6 + (-3)/6.
2, 7
Let l(k) = -k**3 + 8*k**2 - 2*k + 12. Suppose -5*i + 33 + 7 = 0. Let d be l(i). What are the prime factors of (d/(-3))/((-2)/(-15))?
2, 5
Let s be -3*(3 - (-98)/(-6)). Suppose s = 4*f - 48. List the prime factors of f.
2, 11
Let t(b) = b**2 - 6*b - 9. Let x be (3/2)/((-15)/(-80)). Let f be t(x). Suppose 4*s - 29 = -5*j, -j + 3*s - 7 = f*s. List the prime factors of j.
3
Let i(m) = -m**2 + 8*m - 8. Let w be i(6). Let h(p) = 3*p - 2. What are the prime factors of h(w)?
2, 5
Suppose -39 = -j - 15. What are the prime factors of j?
2, 3
Let g(h) = -h**2 - h + 2. Let o be g(-2). Let d(c) = -7*c + 9. Let p(n) = -11*n + 13. Let w(m) = 8*d(m) - 5*p(m). What are the prime factors of w(o)?
7
Suppose -4*y + g + 31 = 2*g, 0 = -4*y + 3*g + 35. What are the prime factors of y?
2
Suppose -5*m = -0*m - 3*j - 78, 0 = -4*m + 2*j + 64. Suppose -2*z - m = -3*z. Suppose 2*r - z = -2*k, 1 = r - 0*r + 5*k. What are the prime factors of r?
11
Let g = -6 + 13. Let s(z) = 3*z - 3. Let m be s(g). Suppose 2*a + 14 = -a + 5*x, -a + m = 4*x. List the prime factors of a.
2
Suppose -5*c + 22 = -78. What are the prime factors of c?
2, 5
Let f = -8 - -13. Let p(g) = 3*g + 1. List the prime factors of p(f).
2
Suppose -4*k = -x - 2, -3*k + 4*x + 0 = -8. Suppose 2*o = -k*o + 52. What are the prime factors of o?
2, 13
Let z = -15 - -21. Suppose -4*u = -a - 22, u - 2*u - 3*a - 1 = 0. Let v = u + z. List the prime factors of v.
11
Suppose 3*k + 3*n - 101 = -2*n, -2*n + 8 = 0. What are the prime factors of k?
3
Suppose -4*w + 4*b = -236, -5*b = 3*w - 3*b - 197. List the prime factors of w.
3, 7
Let n(w) = -w - 2. What are the prime factors of n(-9)?
7
Suppose 3*s + 3 - 154 = 5*a, 4*a = s - 48. List the prime factors of s.
2, 13
Suppose -p + 3*p - 22 = 0. Suppose 0*f - 3*n = 5*f - 5, -p = f + 3*n. What are the prime factors of f?
2
Suppose -7*t = -436 - 96. List the prime factors of t.
2, 19
Let o be (-25)/(-4)*(3 + -7). Let l = -8 - o. What are the prime factors of l?
17
Let k(v) = v + 38. List the prime factors of k(-9).
29
Let l = 0 - -2. 